t of f?
0
Suppose 214458 - 196527 = 25*y - 543319. What is the thousands digit of y?
2
Let m = -94 - -80. What is the tens digit of (-7)/m*(-2 - -738)?
6
Let i(u) be the second derivative of u**5/20 - u**3/6 - 8*u. Let o be i(0). Suppose -5*f - 4*r + 846 = o, -5*r = -3*f - f + 644. What is the tens digit of f?
6
Let p = -69 + 73. Suppose 72 = p*g + 4*g. Suppose 4*u = -g*k + 4*k + 355, 4*u - 2*k - 334 = 0. What is the tens digit of u?
8
Let p be 3378 + 3*(-25)/15. Let f = p - 2098. What is the tens digit of f?
7
Let r be (-6)/10*65/(-13). Suppose 0 = m + r*m - 12. What is the units digit of 3 - m/(-1 + 44/48)?
9
Suppose -2*d + 25*j + 45132 = 26*j, 3*j = 12. What is the hundreds digit of d?
5
Suppose -3*q - 6*k = -k - 45, 0 = -2*q - 2*k + 30. Suppose -4*r + 173 + q = 0. Suppose 0 = -x + 12 + r. What is the units digit of x?
9
What is the thousands digit of ((5 - 15/(-10)) + -6)*9556?
4
Suppose 71232 = 8115*v - 8087*v. What is the tens digit of v?
4
Let w be (1122/(-136))/(2/(-40)). Suppose -167*b + w*b = -1502. What is the tens digit of b?
5
Suppose -5*z - 282 = -q + 2*q, 2*q = 6. Suppose -t - 96 - 27 = 0. Let w = z - t. What is the tens digit of w?
6
Suppose -x = -4*q + 37625, 450*q + 5*x = 453*q - 28223. What is the thousands digit of q?
9
Suppose 15*w - 149502 = 2*j, 2*j = -4*w + j + 39858. What is the thousands digit of w?
9
Suppose 0 = -o - 5*p + 31978, 5*o + 9*p = 192888 - 32886. What is the units digit of o?
3
Let t = 56 - 46. Let v(y) = -y**3 + 11*y**2 - 13. Let i be v(t). Suppose 2*p - 5 = i. What is the units digit of p?
6
Let w(n) = -659*n**3 - 2*n**2 + 9*n + 10. Suppose -z + 4*g = 9, -4*z + 4 = g + 3*g. What is the hundreds digit of w(z)?
6
Let h(t) = 4*t - 28. Let r(z) = -z**3 - 14*z**2 + 14*z - 2. Let w be r(-15). Suppose i = 5*n - 14, -i + 4*n = 2*i - w. What is the units digit of h(i)?
6
Let o = 7 + 1. Let q(m) = -35*m**2 + 9*m + 24*m**2 + 9*m**2 + 3*m**2 - 18 - m. What is the hundreds digit of q(o)?
1
Let w be (5 - -3)*(6/16 + 0). Suppose b - 136 = -p, 0*b + 384 = w*b - 5*p. What is the units digit of b?
3
Let q(d) = -7*d**3 + d**2 + 2*d. Let c be q(-1). What is the hundreds digit of (-645 - 0)*(-2)/c?
2
What is the units digit of 7212 + (418/(-77) - -6)*(-63)/(-6)?
8
Suppose -2*w = -4, -5*z - 83*w + 80*w = -38146. What is the thousands digit of z?
7
What is the hundreds digit of (862/6)/(-1)*-3?
4
Suppose -1579578 = -199*s - 2933921 + 10690627. What is the units digit of s?
6
Suppose 115*c = 128*c - 15067. What is the tens digit of c?
5
Let l(v) = v**3 + 5*v**2 - 10*v + 19. Let q be l(-7). Suppose -120 = -w + 336. What is the tens digit of 6/(-4)*w/q?
7
Suppose -10*d = -21*d + 176. Suppose d*n - 3300 = n. What is the units digit of n?
0
Suppose -11*c + 623 - 95 = 0. Suppose -c*l = -49*l + 47. What is the tens digit of l?
4
Let i(n) = 2444*n + 8040. What is the units digit of i(24)?
6
Suppose -a + 3601 = 3*n - 4794, 0 = 4*a + 20. Let y = -1762 + n. What is the tens digit of y?
3
Suppose 5*h = -3*k - 13092 + 3329, -7828 = 4*h - 2*k. Let d = 2987 + h. What is the thousands digit of d?
1
Let f(u) = 2*u + 31. Let r(o) = 2*o + 31. Let c(s) = -3*f(s) + 2*r(s). Let l be c(-16). What is the units digit of 291/3 + 8/(-4) + l?
6
Let q be (-21)/9 + 3 + (-7)/(-3). Let x be ((-102)/(-15))/(q/(198 + -3)). Suppose b + 0*b - x = -5*z, 0 = -2*z + b + 174. What is the units digit of z?
8
Let o(t) = 4*t**2 - 2*t - 4. Let x be o(6). Let q = -2603 - -2635. Suppose 3*w - 3*m + q = 158, 2*m + x = 3*w. What is the tens digit of w?
4
Suppose 3*z - 38 = 10. Suppose 0 = -3*o - 1 + z. Suppose -2*v + 178 = 5*w, w - 2*w = o*v - 491. What is the tens digit of v?
9
Let v(r) = -r**2 - 12*r - 20. Let l be v(-10). Suppose 12*k - 15*k + 24 = l. Let m(x) = x**2 + 2*x - 31. What is the tens digit of m(k)?
4
Let t = -266 + 268. Suppose -o + 3065 = 6*r - 2*r, -5*r = t*o - 3835. What is the units digit of r?
5
Let h(p) = -2*p**3 - 11*p**2 + 15*p. Let k be h(-10). Suppose 2*u - k = 4*y, -3*u + 4*y = 6*y - 1101. What is the tens digit of u?
6
What is the tens digit of 41/(-205) - (-9531)/(-15)*-3?
0
Let x(m) = 1488*m + 31. What is the thousands digit of x(1)?
1
Let o(k) = -129*k**2 - 245*k - 10. Let i(v) = 25*v**2 + 49*v + 2. Let x(b) = 11*i(b) + 2*o(b). What is the hundreds digit of x(6)?
9
Let q = 25730 - 15672. What is the thousands digit of q?
0
Suppose -2*g - 7 = 3*t - 28, -3 = 4*g - 3*t. Suppose 2*s + 3*f = -g*s + 934, 4*s - 762 = 5*f. Let d = -32 + s. What is the units digit of d?
6
Suppose -20*b + 29*b - 1620 = 0. Suppose i - b = -4*i. What is the tens digit of i?
3
Let y = -4 + 14. What is the tens digit of (-2668)/(-20) - ((-56)/y + 6)?
3
Let z(j) = -j**3 + j. Let w be z(-2). Let v be 3 - 3 - -7 - (w + -2). What is the units digit of -1 - (-33 + (v - 6)/3)?
3
Let o(f) = 2*f**3 + 28*f**2 - 298*f + 9. What is the ten thousands digit of o(22)?
2
Suppose 0 = -152*f + 160*f - 15349 - 55219. What is the hundreds digit of f?
8
Let t(c) = -11*c**2 + 59*c - 34. Let d be t(14). Let i = -782 - d. What is the tens digit of i?
8
Let q = -34348 + 61789. What is the tens digit of q?
4
Suppose 2*z = i - 47945, 12*z - 11*z + 6 = 0. What is the ten thousands digit of i?
4
Let j be (-3)/(3/(-79) - (2 - 2)). Suppose j*k = 78*k + 360. What is the tens digit of k?
6
What is the thousands digit of 1216/(-114)*47238/(-8)?
2
Suppose 4*c - 163 = -f, 4*c - 225 = -c + 3*f. Let j = c + -39. What is the units digit of 2*(j/3 + 11)?
4
Suppose -4*i = i + 515. Let w = -21 - i. Let v = w - 0. What is the units digit of v?
2
Suppose 30330 = 5*u + 10*u. What is the thousands digit of u?
2
Suppose -2*r = 4*f - 2 + 26, -12 = -3*r. Let z(l) = 2*l**2 - 13*l - 131. What is the hundreds digit of z(f)?
1
Let o(l) = 2*l**2 - 16*l + 2. Let i = 111 - 125. What is the hundreds digit of o(i)?
6
Let o = 66 + -70. Let r be (-2562)/56*o/3. Let b = r + 183. What is the tens digit of b?
4
Let d = -171 - -341. Suppose -d = q - 609. What is the units digit of q?
9
Let r be (0 - 2/(-1)) + 3. Let b(a) = -6*a + 25. Let d(k) = 7*k - 26. Let f(p) = r*b(p) + 4*d(p). What is the tens digit of f(4)?
1
Suppose 2*k + 3*c - 374 = 0, k + 3*c - 180 = -2*c. Let r = -98 + 220. Let n = k - r. What is the units digit of n?
8
Suppose 8*x - 35 = 4*x + 3*l, 5*l - 27 = -4*x. Suppose -x*a + 13*a = 20. Suppose 11*p - a*p = 322. What is the units digit of p?
6
Suppose 4*g + 27*r - 54453 = 26*r, r = 2*g - 27231. What is the units digit of g?
4
Let z(m) = -m**3 - 48*m**2 - 18*m - 1070. What is the thousands digit of z(-49)?
2
Suppose -5*u + 319 = p, 0 = u + 2*p - 37 - 34. Let l = u - 61. What is the units digit of (23/1)/(l/6)?
9
Let i = 23474 + -109. What is the tens digit of i?
6
Let o be 6/(-14) + (-2 - (-114)/21). Suppose -5*w + 7 = -o*m - w, 4*m - 3*w = 0. Suppose -m*n - 3*n + 672 = 0. What is the units digit of n?
2
Let v be (0/2)/(2/1 + -1). Suppose -3*r + 1 + 20 = v. Suppose -3*i - 268 = -r*i. What is the tens digit of i?
6
Let h(n) = 14*n**2 + 75*n - 52. Let r(x) = 4*x**2 + 25*x - 17. Let i(y) = 3*h(y) - 8*r(y). What is the hundreds digit of i(-10)?
7
Suppose 0 = -17*j + 14*j - 3*d + 25389, 0 = 4*j - 5*d - 33879. What is the thousands digit of j?
8
Suppose -19*d = 106 - 581. Let v(t) = 14*t + 60. Let s be v(d). Suppose 5*h + s = 1305. What is the tens digit of h?
7
Let r be 58/18 + -3 + 25/9. Suppose -4*n = r*b - 29 - 378, -5*n - 4*b = -509. What is the units digit of n?
1
Let i be (2 - (-72)/(-30))/((-2)/5). Let d = -31 - i. Let q = d - -46. What is the units digit of q?
4
Let o(x) = 75*x**2 - 2*x - 2. Let a be o(-1). Suppose -5*p + 30 = a. What is the tens digit of 185 - 3*3/p?
8
Suppose -2*f + 58 = 4*i, -3*f - 8*i + 4*i + 93 = 0. Suppose -44 = -4*v - 4*l, -2*l = 5*v - l - f. Suppose 0 = 10*s - v*s - 328. What is the tens digit of s?
8
Suppose 0 = 3*x + 2*x + c - 7, 2*x = 3*c + 13. Suppose j - x*l = 529, 5*j - 2*l = -0*l + 2669. What is the units digit of j?
5
Suppose -138*i + 116*i + 72930 = 0. What is the tens digit of i?
1
Let o = 1162 + 3834. What is the hundreds digit of o?
9
Suppose 2*x = -2*h + 4, -4*x + h = 2 - 35. Suppose x*z - 18 = z. Suppose 2*l + z*q = 122, -l - 183 = -4*l - q. What is the tens digit of l?
6
Let k(q) = 13*q**2 + 3*q - 8. Let r be -2*4/(-16)*10. What is the hundreds digit of k(r)?
3
Suppose -c - 1